alculate the highest common divisor of u and p.
39
Suppose -3*j - 24 = -4*j. Let k(x) = 4135*x**2 - 103373*x + 10. Let z be k(25). Calculate the greatest common divisor of z and j.
12
Let i(c) = c**3 - 23*c**2 + c - 2. Suppose o = 48 - 25. Let l be i(o). What is the highest common factor of l and 9?
3
Let p = 90 + 29. Let o be ((-748)/p)/((-2)/7). Calculate the greatest common factor of 11 and o.
11
Suppose -45916 = -2*y + 2*o, -3*y + 68862 = -96*o + 95*o. Calculate the highest common factor of 152 and y.
152
Let n be (594/324)/(5/150). Calculate the highest common divisor of n and 1375.
55
Let n = 1848 + -256. Suppose -2*o - j + n = 0, -o - j + 127 = -670. Calculate the highest common divisor of 15 and o.
15
Let v = 47064 + -46919. Let b = -12 - -41. What is the highest common divisor of b and v?
29
Let v be 228/532 - 13/14 - (-241)/2. What is the greatest common factor of 7860 and v?
60
Suppose -2*y - 162 = -4*x, -2*x = y - 37 - 42. Let v be (-803)/2 - (-27)/18. Let k = v - -680. What is the greatest common factor of x and k?
40
Let w be (115/25 - 4)/(3/15). Suppose 0 = w*d - 22*s + 21*s - 2397, 0 = -2*d + 3*s + 1591. Calculate the greatest common factor of 32 and d.
32
Suppose 5*q - 8*q = -5*n + 473, 3*n + 2*q - 299 = 0. What is the greatest common factor of n and 3298?
97
Suppose 5*n - 9 = 18*p - 17*p, -5*p + 2*n = -1. Let w(a) = -a**3 - 3*a**2 + 10*a + 3. Let g be w(-5). Calculate the highest common divisor of p and g.
1
Suppose 0 = 13*h - 5130 - 9105. Calculate the greatest common factor of h and 30.
15
Let x(d) = -d**3 - 5*d**2 - d - 11. Let k be x(-5). Let f = -12 - k. Let m = 18 - f. Calculate the highest common divisor of 36 and m.
12
Suppose 29*c = 33*c - 36. Calculate the greatest common factor of c and 3951.
9
Let l = 294 + -262. Let w be 103*1 + (28 - l). Calculate the highest common factor of w and 55.
11
Suppose -9*u = -3*u + 2550. Let h be -1 - (u/5 - 0). Suppose -3*n = 2*w - h, 5*w = n - 5*n + 217. What is the greatest common divisor of 90 and w?
45
Suppose 2*r = -2*l + 172, 4*r - 2*l + l - 369 = 0. Suppose -25*y + 1454 = -716 - 755. What is the greatest common factor of y and r?
13
Suppose -t = -4 + 2. Let m(p) be the second derivative of p**3/6 - 3*p**2 + 2*p + 49. Let x be m(24). Calculate the greatest common factor of x and t.
2
Let i be 4/(-14) - 1334/(-14). Suppose 5*v + 5*d = i, -d = -4*d. Let p = v - 6. What is the greatest common factor of 143 and p?
13
Suppose 2*u - d = 30, 42 = 2*u + d + 4. Let g be ((-60)/(-250))/((-4)/10) - (-1032)/20. What is the highest common divisor of u and g?
17
Suppose 0 = 10*z - 14*z + 160. Let g(f) = -129*f + 3553. Let j be g(27). What is the greatest common factor of z and j?
10
Let o = 3140 + -3056. What is the greatest common factor of o and 154?
14
Let t be 4308/22 + -1 - (-86)/473. What is the greatest common factor of 117 and t?
39
Suppose 3*z - 4*s = 2376, -15*z + 20*z = 3*s + 3949. Calculate the greatest common factor of z and 4137.
197
Let w(j) = 13*j + 12. Let s(o) = -14*o - 12. Let x(v) = -3*s(v) - 4*w(v). Let m be x(9). Let g = 10 - m. Calculate the highest common factor of g and 14.
14
Suppose 4*x + 0*w + 24 = w, 5*x = 3*w - 30. Let m be (-3)/x*(-1 + 49). Suppose 263*b = 255*b + 96. What is the highest common factor of m and b?
12
Let t = 15021 - 10161. What is the greatest common divisor of 45 and t?
45
Suppose 214 = z + 3*g + 35, 4*g = -4. Suppose w - 4*o + z = 3*w, -2*w + 198 = -4*o. Calculate the highest common divisor of 38 and w.
19
Let r(b) = -568*b + 22. Let l be r(-5). What is the greatest common divisor of 1378 and l?
106
Let q(m) = -11*m - 63. Let b be q(-6). What is the greatest common factor of 2643 and b?
3
Let m(g) = g**2 - 10*g + 20. Let i be m(7). Let s be (5263/(-38) - (-2)/4)*i. Calculate the greatest common divisor of 6 and s.
6
Let c(l) = -13*l + 83. Let b be c(33). Let z be 6/(-27) + b/(-18). Calculate the highest common divisor of z and 703.
19
Suppose 504 = 5*n - 171. Calculate the highest common factor of n and 1725.
15
Let v = 122 - 362. Let y = v - -300. What is the greatest common factor of 420 and y?
60
Let f be (-6456)/(-42) - -8 - 3*(-10)/105. What is the greatest common divisor of f and 1674?
54
Let z be 170/50 + (-2)/5. Suppose -2 = -j + z*t + 4, -j + 2 = t. Suppose -w + 1 = -5*h + 12, -j*w - 1 = h. What is the greatest common divisor of h and 1?
1
Suppose 2*j = 4*j - w + 24, 0 = -4*w. Let f = j + 27. Suppose 0 = -y - 2 + 8. Calculate the greatest common divisor of y and f.
3
Let y = 7102 + -7048. What is the highest common divisor of 4644 and y?
54
Let w be (-1698)/(-2) - (2 - 29). What is the greatest common factor of 492 and w?
12
Let a(d) = -d**3 - d**2 + 4*d + 4. Let g be a(-2). Suppose 3*v + 0*v - 72 = g. Suppose 7*c - 5*c - v = 0. What is the highest common divisor of c and 6?
6
Let b = 13 + 17. Suppose 3*l - 7 - 41 = 2*z, 3*z = -4*l + 47. Let q be -5 + l + -3 + 0. What is the highest common divisor of q and b?
6
Let m = 3482 + -3007. Calculate the highest common divisor of 190 and m.
95
Suppose 0*l = 5*l - 470. Suppose 3*g - 38 - l = 0. Suppose -4*f - 32 = -g. What is the highest common factor of 3 and f?
3
Let z be 226/10 - 6/(-15). Let a = -18695 + 18718. Calculate the greatest common divisor of a and z.
23
Let b be (-458)/(-4) - (-5)/(-10). Suppose 24*h + 194 = 338. What is the highest common divisor of h and b?
6
Let j be (-12)/30 + 454/10. Let f = 1544 + -1508. What is the highest common factor of j and f?
9
Let d(f) = 25*f + 9. Let a = 103 + -100. Let k be d(a). Calculate the highest common divisor of k and 224.
28
Let h(n) = -27*n - 6. Let c = 148 + -149. Let o be h(c). Calculate the highest common divisor of 42 and o.
21
Let s be (2/(-4))/(228/48 + -5). Let o be 15/12*(34 + s). What is the highest common divisor of o and 35?
5
Let r = 1895 - 1760. What is the highest common divisor of r and 18?
9
Let i(a) = 5*a**3 + 3*a**2 + 75*a - 495. Let m be i(7). Calculate the highest common divisor of 198 and m.
22
Let y = 79 - 70. Let g be 19*(2*y/(-6) - -6). Let z(m) = -77*m**3 + 2*m + 1. Let f be z(-1). What is the greatest common factor of g and f?
19
Let z = -52 - -67. Suppose 9 + 101 = -5*n. Let m be 2/8 + n/(-8). Calculate the highest common divisor of z and m.
3
Suppose w - 265 = -3*c, 3*c + 4*w - 272 + 4 = 0. Suppose 122 = 2*y - c. Let h be (-3 + 4)*(25 + -10). What is the greatest common factor of h and y?
15
Let o(p) = -10*p - 128. Let s be o(-15). What is the highest common factor of 3069 and s?
11
Let z be 30/(-8)*8008/(-770). Let r be ((-2)/2)/((-2)/390). What is the greatest common factor of z and r?
39
Let c(v) = 2*v**3 + 8*v. Let m be c(6). Suppose -m = 20*y - 1200. Calculate the greatest common divisor of y and 8.
4
Suppose -9*j - 5 = -10*j - 4*r, -2*j + 10 = 3*r. Suppose -33*g + 34 = -31*g + j*t, 4*t - 8 = 0. What is the highest common divisor of g and 20?
4
Let j be (-13250)/(-475) + 6/57. What is the greatest common divisor of 5257 and j?
7
Suppose 16*h - 224 = -25*h + 34*h. Calculate the highest common divisor of h and 544.
32
Let h = 88 + -81. Let l(j) = -j**2 + 11*j - 20. Let p be l(h). Calculate the greatest common factor of 64 and p.
8
Let p = 350 - 154. Let l = p + -187. Calculate the greatest common factor of l and 33.
3
Suppose -7*g + 17 + 4 = 0. Suppose 304 = g*b - 134. Suppose 4*i - 371 = -5*l, 0 = -2*l - 3*i - i + b. Calculate the highest common factor of 15 and l.
15
Suppose -142*k + 11424 = -126*k. What is the highest common divisor of 21 and k?
21
Let r(n) = 7*n - 52. Let b be r(7). Let x be (8/(b + 7))/2. Suppose 2*q - 30 = -2*y, y - 4*y + 29 = 2*q. What is the greatest common factor of q and x?
1
Let s(m) = 24*m - 241. Let v be s(7). Let h = 88 + v. Suppose -2*i - 45 = -3*i. Calculate the greatest common divisor of i and h.
15
Let p(c) = 2*c**2 - 2. Let o be p(-3). Let j(i) = -4*i - 56. Suppose -5*t = 192 - 107. Let y be j(t). Calculate the highest common factor of y and o.
4
Let i be 157*(-2)/14 + (-288)/504. Let g = 2 - i. What is the highest common divisor of 325 and g?
25
Let n = 405 - 277. Suppose 2320 = 41*k - 12*k. What is the greatest common factor of k and n?
16
Let z be (72 - 71)/(((-1)/107)/(-1)). Let r = 201 - z. Suppose -14 - r = -6*p. Calculate the highest common divisor of p and 24